1800 and 27075?
1425
What is the highest common factor of 13440 and 42360640?
2240
What is the greatest common divisor of 220061 and 3047491?
337
What is the highest common factor of 167141 and 31349838?
7267
Calculate the greatest common factor of 1774 and 71994242.
1774
What is the highest common factor of 13385134 and 23798?
146
What is the greatest common divisor of 2014 and 31171685?
1007
What is the greatest common divisor of 3632 and 1184912?
16
Calculate the greatest common divisor of 178 and 546219878.
178
What is the highest common divisor of 108555 and 32325?
15
What is the greatest common divisor of 1791922432 and 1369?
1369
What is the highest common divisor of 20562 and 483654?
894
Calculate the greatest common factor of 7767586 and 413.
59
What is the highest common divisor of 186916 and 15604?
332
What is the highest common divisor of 12435309 and 12699?
747
What is the highest common divisor of 5722 and 29659987?
2861
Calculate the highest common divisor of 10246 and 322702.
94
Calculate the greatest common factor of 27 and 907935948.
9
What is the greatest common divisor of 901096 and 124?
4
What is the greatest common divisor of 242 and 10825034?
22
Calculate the greatest common factor of 31454390 and 286.
22
What is the greatest common divisor of 18930079 and 21?
7
Calculate the greatest common divisor of 136922 and 77978.
614
Calculate the highest common divisor of 4559679 and 31137.
291
Calculate the highest common divisor of 8916746 and 6380.
58
What is the greatest common factor of 1084446 and 414?
18
Calculate the highest common divisor of 118065 and 374340.
255
What is the highest common divisor of 5808645 and 5004?
9
Calculate the highest common divisor of 4942413 and 19551.
399
What is the greatest common factor of 24213341 and 83?
83
What is the greatest common factor of 135 and 14541465?
15
Calculate the highest common divisor of 961 and 3943.
1
What is the highest common factor of 171756 and 92534?
26
What is the highest common factor of 10989150 and 83631?
183
What is the greatest common divisor of 18350 and 27920?
10
Calculate the greatest common factor of 77337 and 225.
9
Calculate the greatest common factor of 405 and 316635.
15
What is the greatest common divisor of 2859406 and 3726?
46
Calculate the greatest common factor of 102008889 and 444.
111
What is the highest common factor of 362894 and 17738?
98
What is the greatest common divisor of 14057426 and 678?
226
Calculate the greatest common factor of 3000 and 256440.
120
What is the greatest common factor of 12390651 and 3969?
567
Calculate the greatest common divisor of 633691 and 2021.
43
Calculate the highest common factor of 126 and 822489234.
42
What is the greatest common factor of 2660 and 1242752?
532
Calculate the greatest common factor of 32754 and 2308230.
618
What is the greatest common factor of 279952 and 22352?
16
Calculate the greatest common factor of 40 and 39429662.
2
What is the greatest common factor of 365320 and 8860?
20
What is the greatest common divisor of 3321145 and 391010?
305
What is the highest common factor of 190035 and 7845?
15
Calculate the greatest common factor of 5632 and 1389619.
11
What is the greatest common factor of 186005280 and 90?
30
Calculate the greatest common factor of 1987409 and 11605.
211
What is the highest common divisor of 79128 and 7447452?
1884
What is the highest common factor of 1127978 and 700666?
3142
What is the greatest common factor of 2228800 and 27272?
56
What is the highest common factor of 33652300 and 1925?
275
Calculate the greatest common divisor of 226231781 and 1217.
1217
What is the highest common divisor of 15689 and 670625?
29
What is the highest common factor of 2835 and 3774141?
189
Calculate the highest common factor of 284340 and 907830.
210
Calculate the highest common factor of 2192744 and 40.
8
What is the greatest common divisor of 955222 and 5974?
206
Calculate the highest common factor of 1820886603 and 3021.
3021
What is the highest common factor of 92 and 2554035?
23
Calculate the greatest common factor of 45288 and 461575.
37
What is the greatest common divisor of 4544 and 37568?
64
Calculate the highest common divisor of 590555 and 138180.
1645
What is the greatest common divisor of 607356920 and 4520?
4520
What is the greatest common divisor of 38 and 24162547?
19
What is the highest common factor of 923344427 and 29?
29
Calculate the greatest common divisor of 980096 and 3328.
1664
Calculate the highest common factor of 385695 and 1380.
15
Calculate the greatest common divisor of 284601496 and 8.
8
What is the highest common divisor of 3756261 and 58181?
797
What is the greatest common factor of 2517 and 82138939?
839
What is the highest common divisor of 163830818 and 2056?
514
Calculate the greatest common factor of 1346189 and 39.
13
Calculate the greatest common factor of 1074 and 1873393236.
1074
Calculate the greatest common divisor of 104400398 and 3962.
566
What is the greatest common factor of 753539 and 8323?
41
Calculate the greatest common divisor of 3580 and 56366384.
716
Calculate the greatest common divisor of 1785 and 133626630.
255
What is the greatest common factor of 41 and 433143?
1
Calculate the greatest common factor of 540 and 2104839000.
540
Calculate the highest common factor of 939 and 66414531.
939
Calculate the highest common factor of 5012576 and 113398.
1922
Calculate the greatest common factor of 79282048 and 24.
8
Calculate the greatest common factor of 151031798 and 647.
647
Calculate the greatest common divisor of 114024 and 40008.
24
Calculate the highest common divisor of 13643 and 22547.
7
Calculate the greatest common divisor of 133329 and 12348.
147
Calculate the highest common divisor of 95 and 4669231.
19
Calculate the highest common divisor of 723424 and 148.
148
Calculate the greatest common factor of 9424 and 11376288.
304
Calculate the highest common divisor of 27094785 and 10964.
2741
What is the highest common factor of 139727534 and 206?
206
What is the highest common divisor of 38764 and 6556?
44
Calculate the greatest common factor of 240973 and 307403.
73
Calculate the highest common factor of 551668 and 70967.
1339
What is the highest common divisor of 204 and 1626082?
2
What is the greatest common divisor of 56921285 and 1780?
445
Calculate the greatest common factor of 160230 and 2110920.
1470
Calculate the greatest common divisor of 244840 and 60920.
40
What is the highest common divisor of 58656 and 5597982?
3666
Calculate the greatest common factor of 48 and 19093164.
12
Calculate the highest common divisor of 22672315 and 155.
155
Calculate the highest common divisor of 9 and 1202664.
3
Calculate the highest common factor of 6477 and 15948771.
51
Calculate the greatest common divisor of 86 and 221266562.
86
What is the highest common factor of 1011868 and 5629?
13
Calculate the greatest common factor of 1155487 and 712.
89
What is the greatest common factor of 36770 and 710?
10
What is the highest common divisor of 25668799 and 26?
13
What is the greatest common factor of 113809356 and 136?
68
What is the greatest common divisor of 84833350 and 3150?
350
Calculate the highest common divisor of 34380 and 5540.
20
What is the greatest common factor of 15561 and 11319763?
1729
Calculate the greatest common divisor of 237 and 161399370.
237
What is the highest common factor of 142 and 999538?
142
Calculate the highest common factor of 13827379 and 127.
127
Calculate the highest common divisor of 725 and 63227250.
725
What is the greatest common divisor of 22654 and 3083952?
94
What is the greatest common factor of 114 and 6676581?
57
Calculate the highest common factor of 30880 and 451234.
386
Calculate the highest common factor of 15876 and 1727936.
196
What is the highest common divisor of 2000 and 141711000?
1000
What is the greatest common divisor of 1272 and 2274336?
1272
Calculate the greatest common divisor of 18103546 and 1604.
802
What is the highest common divisor of 37064622 and 70?
14
What is the highest common divisor of 520194 and 132?
6
Calculate the highest common divisor of 52808740 and 970.
970
What is the highest common divisor of 18383 and 34503?
31
What is the highest common divisor o